 of 4?
True
Does 3 divide ((-3)/(-5))/((-16)/(-960))?
True
Let d = -317 - -528. Is d a multiple of 14?
False
Suppose -2*f - 24 = -6*f. Is ((-3)/f)/(2/(-100)) a multiple of 9?
False
Suppose b = 2*h - 2, -5*h = -4*b + 2*b - 6. Suppose -5*v = -0*v - 4*i + 214, -h*i = v + 40. Is 6 a factor of 2 + v/((-6)/2)?
False
Suppose 27 = 4*g - 33. Does 15 divide g?
True
Suppose -l - 5*f + 0 - 11 = 0, 5*f - 31 = -4*l. Does 7 divide l?
True
Let d = 6 + -9. Is 17 a factor of (4/d)/((-10)/255)?
True
Let x(p) = p**2 - 7*p + 8. Is x(13) a multiple of 12?
False
Suppose -1 = -b + 3. Suppose 0 = b*l - 5*l. Suppose -3*u = -l*u - 57. Does 9 divide u?
False
Let r = 12 - 7. Suppose r*a = 17 + 33. Does 5 divide a?
True
Let r = 17 + -8. Is 9 a factor of r?
True
Let j = -45 - -93. Does 16 divide j?
True
Suppose 0*w - 135 = -5*w. Let z = w - 6. Suppose -3*v = z - 99. Is 8 a factor of v?
False
Suppose 5 = -5*q - 5. Let a = 20 + -5. Does 14 divide (-5)/(a/q)*21?
True
Suppose 5*i - 8*i + 9 = 0. Suppose i*h - 34 + 1 = 0. Does 11 divide h?
True
Let k(a) = a**3 - a**2 - 2*a + 2. Let l = 8 - 6. Let d be k(l). Suppose 57 = d*i + i. Is 11 a factor of i?
False
Is (-57 - 4)*1*3/(-3) a multiple of 28?
False
Suppose -4*r = 118 - 458. Is 43 a factor of r?
False
Let z be (14 - 11) + (0 - 0). Suppose n = z*n - 24. Does 6 divide n?
True
Let g(a) = -7*a**3 - a**2. Let p be g(-1). Suppose p = -i - 2. Is (11/(-4))/(2/i) a multiple of 9?
False
Let v(t) = -t**2 + 10*t - 1. Suppose -8 + 40 = 4*n. Let q be v(n). Suppose w = 2*w - q. Is w a multiple of 5?
True
Suppose -5*b = 13 + 2. Is (-126)/(-8) - b/(-4) a multiple of 6?
False
Is 3 a factor of (-1 - 382/(-10)) + 47/(-235)?
False
Let k(z) = 12*z**2 - 3*z + 2. Let l(n) = 11*n**2 - 2*n + 1. Let x(h) = -2*k(h) + 3*l(h). Suppose 2*d - 1 = a, 2*a + 5*d = -3*a + 10. Does 8 divide x(a)?
True
Let d = 260 + -389. Let h = -76 - d. Is 12 a factor of h?
False
Let x = -250 - -355. Is x a multiple of 21?
True
Suppose -104 = y - 2*y - 2*n, n = -5. Is y a multiple of 38?
True
Let v = 19 - 27. Let t(j) = -3*j**3 - 21*j**2 - 2*j + 15. Let h(w) = w**3 + 7*w**2 + w - 5. Let k(b) = v*h(b) - 3*t(b). Does 6 divide k(-7)?
False
Let t = 12 - 13. Let z = 6 - t. Is 7 a factor of z?
True
Let h(j) be the third derivative of j**5/60 + j**3/6 - 2*j**2. Let n be h(2). Does 8 divide n*-8*2/(-10)?
True
Suppose 50 = -5*o + 250. Does 12 divide o?
False
Let y be 0 + (-1 - -3) + 2. Is 7 a factor of 4*y + (-4 - -5)?
False
Suppose -5*d + 91 = -39. Is 13 a factor of d?
True
Suppose -3*p = -7 + 19. Does 13 divide 32 + p + (-2)/1?
True
Let k(l) = 4*l**2. Let q be k(1). Suppose -f - f + 4*v = 4, -44 = -q*f - 5*v. Is 6 a factor of f?
True
Let h(v) = v**3 - 5*v**2 - 2*v - 3. Is 8 a factor of h(6)?
False
Let z be (2 - 0 - 0)*1. Suppose 4*t - 69 = 5*g, -z*g = 5*t + 50 - 128. Does 16 divide t?
True
Let n(s) = s + 4. Is 7 a factor of n(6)?
False
Let a(n) = -n**3 - n. Let s be a(-1). Suppose 0 = 2*j - s - 2. Suppose 5*z - 15 = -4*d, 2*d = -j*d. Does 2 divide z?
False
Let f be 5 + -4 + (-1)/(-1). Suppose 0 - 6 = -f*h. Suppose 5*j = -5*a + 60, -2*a + 3*j - h = -2. Is 6 a factor of a?
False
Suppose 0 = 223*x - 222*x - 265. Is 19 a factor of x?
False
Let w = -16 - -26. Suppose -5*i + w = -2*b + b, -5*b + 85 = 2*i. Is 5 a factor of b?
True
Let d(l) = 2*l**3 + 3*l**2 + 3*l - 1. Is 23 a factor of d(3)?
False
Let q(j) be the third derivative of -j**6/30 - j**5/60 + j**4/24 + j**3/6 - j**2. Let f = -8 + 7. Does 2 divide q(f)?
False
Let p(t) = 2*t - 10 + 2 - t - 5*t**2 + 6*t**2. Is p(7) a multiple of 18?
False
Suppose 277 = -5*p - 103. Suppose 4*h = 406 + 66. Let a = h + p. Does 20 divide a?
False
Let b(g) = g**2 - 7*g + 9. Let m be b(7). Is m/(-3) + 86/2 a multiple of 20?
True
Suppose 3*n - 75 - 73 = 4*u, 0 = 5*n - u - 241. Is 6 a factor of ((-9)/(-2))/(12/n)?
True
Suppose 5*c + 58 = 6*c. Is 13 a factor of c?
False
Suppose a + 2*b - 65 = 0, 0 = -3*b + 7*b - 8. Suppose t + k - 1 = 8, 5*t = 3*k + a. Does 6 divide t?
False
Suppose 2*z - 28 = -2. Let n be 2/5 + z/5. Suppose -n*b + 0*i + 59 = -4*i, 0 = -2*b + i + 36. Does 7 divide b?
False
Let p(k) = 7 + 0 + 0*k - k. Let r be p(7). Is 9 a factor of (-1 - -1 - r) + 9?
True
Let r(m) = -20*m**2 - 14*m - 8. Let c(w) = 7*w**2 + 5*w + 3. Let k(f) = -17*c(f) - 6*r(f). Is k(-6) a multiple of 13?
True
Let n be 2 + (-1 - (2 + -3)). Suppose 2*r + 8 = -4*y, r - 3*r + 16 = -n*y. Is 2 a factor of r?
True
Suppose -2*a + 42 = -124. Suppose -4*x + z = -139, -3*x = -6*x + 5*z + a. Is 10 a factor of x?
False
Let r(u) = -u**3 - 3*u**2 - 7*u + 1. Is 53 a factor of r(-5)?
False
Suppose x + 15 = -4*x. Let h be x + -2*2/(-4). Is 13 a factor of -1 + (-12 + h)/(-1)?
True
Suppose 0 = g + 2*g - 5*q - 54, 0 = -5*q. Let i = g + -10. Is i a multiple of 8?
True
Suppose -2*o - 3*v + 0*v = -423, 4*v = 3*o - 592. Is o a multiple of 34?
True
Let b(c) = -c - 8. Let x be b(-4). Let d(l) = 2*l**3 + 3*l**2 - 6*l + 9. Let j(a) = a**3 + 2*a**2 - 3*a + 4. Let g(r) = -2*d(r) + 5*j(r). Does 10 divide g(x)?
False
Let v = 1 + 0. Let q = 1 - v. Suppose m - 11 - 20 = q. Is m a multiple of 12?
False
Let l be (3 - 3)*1/2. Suppose -3*h + l*h = -72. Is 13 a factor of h?
False
Let h(i) = -i**3 + i**2 - i - 2. Let v be (6/4)/((-6)/8). Is h(v) a multiple of 4?
True
Suppose -5*r = a + 11 - 1, -a + 6 = -3*r. Suppose a = 5*i - 177 - 28. Is 9 a factor of i?
False
Suppose -12*h + 1230 = -2*h. Does 12 divide h?
False
Does 32 divide (-6192)/(-27) + 4/(-3)?
False
Suppose -10 - 14 = 3*t. Let z = -7 - t. Let v(c) = 44*c**2 + 1. Is v(z) a multiple of 12?
False
Let c = 1 - -1. Is 10 a factor of 4/(-6)*(c - 32)?
True
Suppose 2*z = -59 + 203. Is 24 a factor of z?
True
Let f(r) = r + 2*r - 3 + 4*r**2 + 2 + 0. Suppose 6*w - 3*w = -3*i - 18, 3 = -3*i + 2*w. Is f(i) a multiple of 11?
False
Let h(g) = 28*g**2 + 7*g - 5. Let y be h(5). Suppose -y = -4*s - s. Does 12 divide (-1)/3 - s/(-6)?
True
Is (-3)/(-2)*(6/3 - -24) a multiple of 4?
False
Suppose -v = -2*v + 16. Suppose 2*k - 20 = v. Suppose -4*s + 5*c + 9 + k = 0, -2*s - 3*c - 3 = 0. Is s even?
False
Let w be 2/(-9) + 100/45. Suppose 135 = 5*o - 5*r, w*o - r - 39 = 4*r. Is o a multiple of 16?
True
Let j be (-201)/(-5) + (-1)/5. Suppose 2*y = 2*h + 3*h + j, 4*h = 3*y - 46. Is 10 a factor of y?
True
Let y = 64 + 132. Is 33 a factor of y?
False
Let w(j) = j**2 + 5. Let g be w(0). Let c(m) = -g*m + 3*m - 4*m. Does 15 divide c(-5)?
True
Let p(i) = -7*i - 21. Is p(-6) a multiple of 5?
False
Let d(w) = -2 - 2*w + 2 + 1 + w. Let i be d(-4). Suppose -19 + 2 = -2*r + 3*s, -5 = i*s. Is r a multiple of 6?
False
Suppose 0 = 5*q + 84 + 61. Let h(d) = 5*d**3 - 3*d**2 - 2*d + 2. Let y be h(-2). Let u = q - y. Is 8 a factor of u?
False
Let h(t) = -2*t**3 - 2*t**2 + 2*t + 1. Let r be h(-2). Suppose -2*s = 8*z - 3*z - 273, s = -r*z + 269. Does 24 divide z?
False
Let g = 5 + -3. Let q(c) = -5*c - 6*c**3 + 2*c + 4*c**3 - 5*c**g + c**3 + 4. Is q(-5) a multiple of 19?
True
Let w(c) = 14*c**2 + 7. Let f be w(-3). Let u = f - 82. Is 10 a factor of u?
False
Let d be (1/4)/(8/64). Suppose d*h - 11 = 9. Is 10 a factor of h?
True
Let c = -49 - -130. Suppose 5*i = c + 99. Let g = -26 + i. Does 8 divide g?
False
Let d be ((-4)/(-5))/((-6)/15). Does 11 divide 25 - (5 + d - 0)?
True
Let j = 11 - 7. Suppose m - 7 = -4. Suppose -j*k - 52 = -m*c, 0*k - 3*k - 9 = -c. Is c a multiple of 12?
True
Let n = 91 - 31. Is n a multiple of 15?
True
Suppose -5*j = -j - 4*z - 224, 4*z = -4. Let b = -31 + j. Is b a multiple of 8?
True
Suppose -2*z = -5*w - 990, -3*w = 2*w - z + 990. Is 17 a factor of (w/(-3) - -1) + 2?
False
Suppose -5*l - 5*p = -120, -4*l + 120 = 3*p - 7*p. Does 5 divide l?
False
Let u(v) = -v**3 + 5*v**2 - 3*v + 4. Let n be u(5). Let i = n + 28. Does 6 divide i?
False
Let p(z) = z**2 + 7*z + 16. Is p(-8) a multiple of 8?
True
Let d(t) = t**3 - 3*t**2 + t - 1. Let o be d(2). Does 10 divide ((-6)/8)/(o/120)?
True
Let h(k) = -2*k**2 - 6*k - 3. Let t be h(-4). Let i = 1 - t. Is i/(-16)*(2 - 42) a multiple of 15?
True
Is 22 a factor of 4080/(-5)*1/(-3)?
False
Suppose 5*z - 78 = 162. Suppose -3*i - 235 = -4*b + z, -4*b - 3*i = -277. Is 28 a factor of b?
False
Let y = 0 + 0. Suppose y = -r + 39 + 31. Is 21 a factor of r?
False
Let f = 2 - 9. Suppose 5*x - 8 = x. Is f*x/(-8)*36 a multiple of 16?
False
Let q(a) = 4*a